) - (-4 + 7).
-7
Calculate (-1 - 2) + -12 - (311 + -313) - -11.
-2
Calculate (-3 - -87) + (-160 - -195).
119
40 - (-73 + 21 - -115)
-23
Evaluate 13 - (0 - -1) - ((37 - 6) + -40).
21
Calculate 70 + (66 + -86 - -10).
60
Calculate -48 + (1 - 9 - (-340 - -310)).
-26
21 - (-37 + 33 + 26) - ((-3 - -1) + 9)
-8
Evaluate -5 + -19 + 20 + -5 + 9.
0
Evaluate 145 + 12 + -35 + 20 + (-2 - -7 - 2).
145
Calculate 13 - (20 + -3 + 3) - (-1 - -96).
-102
What is the value of (-1256 - -1254) + -6 + 3 + -3 + 3 - -48?
43
Calculate -24 - ((-14 - -4) + 20 + -49).
15
What is -232 + 224 - (4 + 62)?
-74
Evaluate -37 + (-96 - -69) + 23.
-41
9 + -4 + -7 + 31 + 69
98
7 + (15 - 24) + -51 + -3 + -4 + 1
-59
What is the value of -25 + (-6 - -1) + 6 + (-10 - -21) + -8?
-21
23 + (39 - 33) + -38
-9
Evaluate 42 - (-6 + (15 - -37)).
-4
What is the value of 6 + -5 + (7 - (-12 - (-9 + 1)))?
12
What is 0 + (-28 - 6 - -11)?
-23
What is -82 - ((-5 + -5 - -9) + -2 - -1)?
-80
(-164 - -96) + -25 + (-5 - -5) + 2
-91
What is -33 + 1 + 7 + -3 + -17 + (-4 - -14)?
-35
What is the value of 11 + -100 + -18 - (157 - 161)?
-103
What is 10 - (-1 - -3) - (-661 + 711 + -14 + 3)?
-31
Calculate 68 - (-10 + -49 - -41).
86
What is (-7 - -3 - 8) + (-131 - -114)?
-29
What is the value of (44 - -18) + (-18 - (2 + 1) - -7)?
48
Evaluate -75 + -1 + -1967 + 2022.
-21
Calculate -4 + -1 + -2 - (-1734 - -1740).
-13
Calculate (103 - 145) + 4 + -7 + (2 + 2 - 8).
-49
What is -13 - (9 + -10 + -6 + (-25 - -8))?
11
51 + -116 + -12 + 139
62
11 + (-15 - -5) + (12 - (-1 - -6))
8
What is -109 + 5 + 566 + -391?
71
What is 21 - ((-13 - -2) + 23) - 73?
-64
-30 + (23 - 14) + 96
75
Evaluate 105 + (21 - (8 + 77)).
41
What is the value of -20 + (18 - (-52 - -32))?
18
What is -161 + -126 + 230 + (-25 - (0 - 2))?
-80
What is the value of -37 + (58 - (-17 + 38)) - -50?
50
What is 868 - 863 - (4 - (5 - 16))?
-10
Evaluate (15 - (5 - -1)) + -13 + -7 + -7 + 9.
-9
Calculate 36 - ((-7 + -1 - -14 - 22) + 5).
47
Calculate -122 + 135 + (-1 - 39) + (2 - -2).
-23
Evaluate -180 - -228 - (1 - (-2 - 12)) - (-1 - -4).
30
-131 + 3 + -1 - -117
-12
Calculate 0 + -3 - -12 - (55 - 91 - -17).
28
Evaluate (-12 - -6) + 1 + 19 + (13 - 16) - 17.
-6
(-51 + 27 - 19) + 28 + -81 + 1
-95
Evaluate -7 - (-49 - ((6 - -6) + -7 - -3)).
50
What is the value of -44 - -25 - (2 + -14 + -54)?
47
(85 - 177 - -57) + -44
-79
Calculate -50 + (-4 - 2) + (18 - 50) + 34.
-54
Evaluate 50 - (-1 - 9 - -14).
46
Calculate -23 + 0 - (-2246 - -2195).
28
3 + -18 - (-16 - -8 - (-7 + -3))
-17
What is the value of 6 + -8 + -1 + 2 + (-15 - (-43 - -10))?
17
What is -1 + 85 + -27 + 10 + 8 + 0?
75
Calculate 33 + 12 + -12 + -71 - -15.
-23
Evaluate -9 + (-41 - -57) + 28 + -32.
3
Evaluate -8 - ((20 - 17) + (4 - -69)) - 21.
-105
What is the value of -29 + 20 + 1 + -13 + 15?
-6
What is the value of 32 + (-64 - (57 - 52))?
-37
Evaluate -5 + 19 + (-24 - -3 - 7) + -1 + -67.
-82
Calculate 1 + -60 - 1 - (-392 - -391) - (-10 + -3).
-46
47 - 36 - (2 + 34)
-25
What is the value of (778 - 738) + (1 + 3 - -1)?
45
Calculate 94 + (204 - 78 - 256).
-36
Calculate -4 + 58 + (-120 - -99) + 13.
46
Evaluate -21 + (-19 - -10 - 6 - (0 + -2)).
-34
What is -11 + 3 + 3 + 7 + -19 - 19?
-36
What is the value of 66 + (-70 - -122 - 61)?
57
Calculate 0 + (10 - (-12 + 14)) - (2 + 18).
-12
Calculate (1 - 8) + (7 - -7) + -348 + 312.
-29
What is the value of -24 + -2 + (-24 - (-44 + 5)) - 34?
-45
Evaluate -267 + (42 - -92) + 104.
-29
What is the value of 8 + (-75 - 0 - ((16 - (-1 + 15)) + -10))?
-59
What is the value of -53 + (-1 - -104) - -40?
90
Evaluate 17 + 34 + (66 - 26) + -60.
31
Evaluate 14 + 4 + (7 - -6) + (-58 - 19).
-46
0 - 50 - (-27 - (45 + 73))
95
75 - 56 - -13 - (23 + 0)
9
Evaluate -42 - -2 - (-83 + 75 + 13).
-45
Calculate (-8 - (11 - 9)) + -11 + 6.
-15
What is -18 + (-14 - -15) + 40 + -7?
16
What is -10 + (-7 + 6 - -10) - (-3 - -8) - -40?
34
Calculate (-4252 - -4256) + (5 - -1).
10
Evaluate -39 - -48 - (12 - 6 - -34 - -6).
-37
12 + (26 - 22) + -22
-6
Evaluate 7 + -4 - (2 + -73) - -1.
75
Calculate -81 - (-149 - -44) - -42.
66
What is (95 - 48) + -110 - -73?
10
Calculate (-14 - 10) + (-17 + 22 - 6).
-25
What is -4213 + 4217 - (0 - -10)?
-6
What is the value of 14 + -15 + 1 + 17 + (-372 - -299)?
-56
-8 - (0 + -51 + 46 + (10 - 43))
30
(-66 + 22 - (-4 + 1)) + (130 - 121)
-32
285 + -253 + (-23 - -12) + (-81 - 2)
-62
What is the value of (-66 - -10) + 60 + -25?
-21
What is (-51 - -4) + (-575 + 556 - (1 - 19))?
-48
Calculate (9 + 1 - (-25 - -20)) + -6 + -25.
-16
(-893 - -889 - (-1 + -1 + -6 + 3)) + 10
11
What is 0 - (4 + -1 - (-229 - -211))?
-21
Calculate (-1 - 30) + -42 + 65 + -3.
-11
Calculate 11 + (3 + -42 - -2) - -18 - (-38 - -1).
29
38 - (57 - 104 - -41)
44
What is the value of -1 + (14 - -27) + (1 - ((8 - 26) + 11))?
48
What is the value of 16 + 0 - (-986 - -1059)?
-57
-4 - -1 - (60 - 75) - (-2 + 0)
14
(-1 - -16) + -129 + 101 + -25 + 144
106
Calculate (29 + -16 + 0 + -24 - 58) + 1.
-68
What is the value of -8 + (30 - (0 + (-7 - -9) - -8))?
12
What is (-10 - -3 - -2) + 15 - (360 - 338)?
-12
What is the value of -11 + -12 + 55 + -19 + 7?
20
Evaluate (2 - (-1 - -1)) + (-165 - (-138 - 53)).
28
Calculate 3 - 19 - (14 + (-98 - (9 + -6))).
71
10 - (-12 - -76 - (3 + 4 - 3 - -5))
-45
What is the value of (-62 - -82) + -14 + 9?
15
Evaluate 13 - (-61 - -17 - -15) - 2.
40
Evaluate -2 + (-1 - 50) + (-74 - -18) + 50.
-59
What is the value of 17 + -8 + (0 + -18 - -17)?
8
Evaluate (97 - -59) + -112 + -20.
24
What is the value of -6 - (14 + 23 - 64) - -11?
32
Calculate 2 + 68 + (-8 - (7 - (-3 + 5))).
57
(1 + -1 - -11) + (-235 - -135) - (11 + -20)
-80
Calculate 0 - 7 - ((57 - (37 - -15)) + (1 - 48)).
35
Evaluate (15 + -5 - -49) + (34 + -11 - 10).
72
-16 - (26 + -23 + -9)
-10
(1 - 15 - (54 + -69 + -16)) + 8
25
What is the value of 140 + -163 - (-3 - (-42 + -8 + 11))?
-59
56 + (-60 - (-32 - 10)) + (0 - 9)
29
-22 + (94 + -102 - (-3 - (-2 + 4)))
-25
What is -10 - 0 - (68 + -127 - -52) - 7?
-10
What is the value of 0 - (4 + 1) - -14 - (-18 + (-39 - -10))?
56
Calculate 15 + (-65 - -46 - (0 + -16)).
12
Evaluate 31 - (12 - (-5 + 20) - -25).
9
What is (17 - (-5 - 29)) + -85?
-34
Calculate -5 + 23 + 11 + 7 + -23 + 34.
47
What is the value of -234 - (-37 - 21) - -69?
-107
-33 - (67 + -23 + -67)
-10
What is the value of 0 + 92 + -119 + (84 - -20)?
77
What is the value of 7 + -2 - (-2 + -24 + 7 - -55)?
-31
-10 - (-47 - (-58 + -4))
-25
What is 11 - (-94 - (27 + -173))?
-41
Calculate 13 + -2 - (-26 + (58 - 62) + -8 + -2).
51
What is (45 - 8 - 27) + -28?
-18
(-7 - (1 + -8 + 7)) + (-4 - 40)
-51
What is the value of -14 + -10 + 18 - (-7 + -1) - 18?
-16
What is the value of (-2 - ((-10 - -31) + -41)) + 9?
27
What is -8 + (13 - (12 - 17)) - 23 - 24?
-37
What is the value of -15 - 65 - -68 - (-7 + 2)?
-7
What is the value of -31 + 6 + 20 - -15?
10
-32 + 154 + -63 + -11
48
What is 6 + 1 - ((-62 - -84) + 33 + -2)?
-46
Calculate (10 + (-25 - -34) - 37) + 73.
55
What is the value of (0 - -78) + (-10 - 29) + (103 - 79) + -2?
61
Evaluate 10 + -20 + (17 - 14) + 23.
16
Evaluate -33 - (90 + -117) - -71.
65
Calculate -174 + 9 + (1785 - 1638).
-18
Evaluate (3 - 45 - (-31 + 10 + 33)) + 3.
-51
1 + -53 - (-38 - (-19 + 6) - -15)
-42
(34 + -8 - 17) + (-58 - -1) + -42 + 51
-39
Evaluate (-315 + 336 - (0 - -24)) + (1 - -12).
10
Evaluate 31 - (-9 + (-9 - -23 - 0)) - -7.
33
Calculate -23 + (20 - 12) - (-4 - 8).
-3
What is the value of (16 - 0) + -21 - (29 + 8 + -21)?
-21
What is the value of -50 + 2 - ((-11 - 69) + 62)?
-30
What is 615 - 638 - (1 + -49)?
25
What is the value of -68 - (15 + (49 - 125))?
-7
Evaluate (4 + 15 - 10 - (-96 - 33)) + 14.
152
What is -16 + (16 - (-9 + 13)) + 0 - -55?
51
What is -73 + -50 + (-96 - -152)?
-67
What is -99 - -55 - (-272 + 151)?
77
69 + (-2 + 3 - 1) - (-2040 + 2040)
69
What is -17 + 13 + -15 + 23 - (52 - 0)?
-48
What is the value of -7 - (109 - (-18 + 190))?
56
What is -1 - -10 - (-24 + 7 - (-5 + -3 + -24))?
-6
Evaluate 2 + (2 + -5 - (-30 + 23)) + 2 + -88.
-80
1 - (-14 + 1 + (3 - (-23 + 6))) - -150
144
Calculate 117 - (18 - (-28 + (-23 - -102))).
150
-89 + (21 - -119) - 81
-30
What is -27 + (6 - -26) + -45?
-40
What is 1226 - 1232 - (4 + -64)?
54
What is -33 - (2 - (32 + 40))?
37
What is (-2 - 35) + 294 + -314 + (8 - (-1 - 0))?
-48
Calcula